 What is the highest common factor of h and 18?
18
Suppose -b - 3*b + 36 = 4*w, -3*w = 2*b - 30. What is the greatest common divisor of w and 12?
12
Let y(f) = f + 46. Let n be y(0). Let c = -22 + n. Let z = -45 + 105. What is the highest common divisor of z and c?
12
Suppose -4*t + 7 + 33 = 0. Let s(h) = 5*h + 1. Let a(b) = 11*b + 3. Let d(z) = -4*a(z) + 10*s(z). Let p be d(2). What is the highest common divisor of t and p?
10
Let i(g) = 8*g + 1. Let c be i(2). Calculate the highest common divisor of c and 85.
17
Suppose -3*k + 4 = -2*k. Let b = -23 + 27. Calculate the highest common factor of k and b.
4
Suppose -45*o = -40*o - 5. What is the greatest common factor of o and 31?
1
Suppose 4*s - 20 = 20. Let t(c) = 0*c - 3*c - 3*c - s*c. Let j be t(-6). Calculate the highest common divisor of j and 12.
12
Let r be (-1 - -2)/(7/84). Let t(u) = u + 11. Let i be t(-8). Calculate the greatest common factor of i and r.
3
Suppose z - 5*k = 54, 4*z - 198 = 5*k - 3*k. Calculate the highest common factor of z and 7.
7
Suppose 3*l - 3*h - 106 = 2*h, -5*h - 170 = -5*l. What is the greatest common factor of l and 4?
4
Suppose 54 = 3*v + 5*r, -r = -0*r. Suppose -94 + 4 = -t. What is the highest common factor of v and t?
18
Suppose f = g - 9, 5*g + 3*f - 43 = 34. Suppose 0 = -5*t + p + 710, p + 3*p = 20. What is the highest common factor of t and g?
13
Suppose -70 = -3*d + 2*d + b, 5*d - 2*b = 350. What is the highest common factor of 14 and d?
14
Let p be (3 - -5)/(3/18). What is the greatest common divisor of 12 and p?
12
Let r(s) = 7*s - 5. Let i be r(-4). Let d = 48 + i. What is the highest common divisor of d and 75?
15
Let s(i) = 75*i - 6. Let n be s(3). Let y = n + 23. Calculate the highest common divisor of y and 22.
22
Suppose -3*i - y + 26 = 3*y, 5*i + y = 32. Calculate the highest common factor of 9 and i.
3
Let q(x) = -x**3 - 8*x**2 + 8*x + 2. Let r be q(-9). Suppose -990 = -r*h + 6*h. Let i be (4/(-6))/((-2)/h). What is the highest common divisor of i and 44?
22
Let s(u) = -u**2 + 5*u. Let o be s(4). What is the highest common divisor of o and 12?
4
Suppose 0 = -5*q - j + 23, -6*j = 2*q - j. Calculate the highest common factor of 20 and q.
5
Suppose -3*v = -7*v + 128. Let w be (-2)/(-6)*96/2. Calculate the greatest common divisor of w and v.
16
Let m = -81 + 193. Calculate the highest common divisor of 42 and m.
14
Let a(k) be the first derivative of 15*k**2/2 + 3*k + 1. Let y be a(4). Let o = -35 + y. Calculate the highest common divisor of 14 and o.
14
Suppose -3*p - 4*m + 20 = 0, 5*p - 23 = 2*p - m. Suppose -l = -3*t - 1, p*l - 37 = 3*l - t. What is the greatest common divisor of 77 and l?
7
Let p(c) = -2*c**2 - 13*c - 12. Let f be p(-8). Let w = f - -50. Let x(s) = 2*s**2 - 8*s - 6. Let z be x(9). What is the highest common factor of z and w?
14
Let d be ((-2 - -4) + -3)*(-14 + 5). What is the greatest common divisor of 18 and d?
9
Let o(k) = 9*k**2 - 5*k - 4. Let r(q) = -q**2 - 13*q - 8. Let f be r(-12). Let c be o(f). Calculate the highest common divisor of c and 48.
24
Let k(l) = l**3 - 6*l**2 + l + 3. Let c be k(6). Calculate the greatest common factor of 72 and c.
9
Let n(m) = -3*m**3 - 2*m**2 + m - 4. Let g(d) = -d**3 + d - 3. Let f be g(0). Let o be n(f). What is the highest common divisor of 14 and o?
14
Suppose 0 = -17*z + 22*z - 160. Suppose 5*s - 48 = 2*s. Calculate the greatest common factor of s and z.
16
Let v = 18 + -6. Let k be 44/v - (-2)/6. Calculate the highest common divisor of k and 36.
4
Let h be 1/6*316 - (-6)/(-9). Calculate the highest common factor of h and 13.
13
Suppose 5*t - 28 = -2*n, -n - 16 = t - 6*t. Let a(m) = -t*m + m - m. Let y be a(-1). Calculate the greatest common factor of 12 and y.
4
Suppose 0 = 3*o - 5*o + 6. Suppose 0 = -5*m + 2*a - 0*a + 16, -15 = -o*m + 3*a. Let p be (m - 0)*(-66)/(-4). What is the highest common factor of 22 and p?
11
Let p = 10 - 4. Let m be (-10)/p*(0 + -15). Calculate the greatest common divisor of 10 and m.
5
Let a(f) = -f**2 - 2*f - 6. Let r be a(-5). Let l = r + 66. What is the highest common divisor of l and 9?
9
Suppose -8 = -t - 2*h + 6, -t + 23 = 5*h. Let l be (-2)/t - (-93)/4. What is the highest common divisor of 184 and l?
23
Let p be 6/15 - (-354)/15. Let k be (0 - 1)/(2/p). Let v = 24 + k. Calculate the greatest common factor of 96 and v.
12
Suppose -4*t = -553 - 455. What is the highest common factor of t and 28?
28
Let v = 15 + -9. Suppose 3*b + 2*b - 10 = 0. Suppose -34 = -2*w + z, -w + b*z - 5*z = -24. What is the greatest common factor of w and v?
6
Let f be (-2)/(-7) - (-321)/(-21). Let p(b) = b**3 + 16*b**2 + 13*b - 4. Let g be p(f). What is the greatest common divisor of 65 and g?
13
Suppose -3*n = -4*n + 3. Suppose -116 = -n*b + 157. What is the greatest common factor of 13 and b?
13
Suppose 0 = 3*f - 12, 3*n - 8*n - 3*f + 37 = 0. Suppose n*k - 26 = -3*d, 0*k - 63 = -4*d - k. Calculate the greatest common divisor of d and 136.
17
Suppose 2*x - 16 = -2*x. Suppose 26 = 2*o + x. What is the highest common factor of 11 and o?
11
Let d = -3 - -8. Let f be 3*d/(15/4). What is the greatest common divisor of 6 and f?
2
Suppose -z = 8 - 9. What is the greatest common divisor of z and 5?
1
Let w be (-8)/28 + 86/7. Let b(p) = 5*p**3 + 6 - 2*p**2 + 8*p**2 - 6*p**3. Let h be b(6). Calculate the greatest common divisor of h and w.
6
Let d = -54 - -58. What is the highest common factor of d and 28?
4
Let q be 10/25 + 832/20. What is the greatest common divisor of q and 28?
14
Let t(l) = 7*l**2 + 2*l + 1. Let h be t(-1). Let u be 9/h*(-28)/(-6). Let f = -2 + 37. Calculate the greatest common divisor of u and f.
7
Let q(l) = l**3 - 2*l**2 - 9. Let p be q(4). What is the highest common factor of 115 and p?
23
Let f be (-12)/2*(-4)/6. Let y = 8 - f. Calculate the highest common divisor of y and 4.
4
Suppose 0 = -a - a + 72. Let k = 76 - 64. What is the highest common factor of k and a?
12
Suppose -5*m - 5*o = -35, 0*o - 17 = -3*m - 4*o. Let b(c) = c**2 - 5. Let n be b(4). What is the greatest common factor of n and m?
11
Let w be 6 - 0 - (4 + -2). Let v be (w/3)/((-2)/(-3)). Let f be ((-2)/v - -36) + 1. Calculate the greatest common divisor of 9 and f.
9
Let v(h) = -h**2 + 4*h - 1. Let f be v(3). Suppose f*m = 46 + 14. Let n = -12 - -22. Calculate the highest common factor of m and n.
10
Let z = -15 + 18. Calculate the highest common factor of 27 and z.
3
Let k(t) be the third derivative of t**6/120 - t**5/10 - t**4/3 + 5*t**3/3 - 3*t**2. Let i be k(7). Calculate the greatest common factor of 6 and i.
3
Suppose 0*c = -2*c + 168. Let f be 20/5 + 0/1. Suppose -3*i + 16 = -f*j, -2*i - j = -i - 17. What is the greatest common factor of i and c?
12
Suppose 0 = 5*h - 10, j + h - 5 = -0. Calculate the highest common factor of j and 24.
3
Let f = 50 + -20. Let k(x) = -x**3 + 3*x**2 + 2. Let a be k(3). Suppose a*z = 3*c - 2*c + f, 4*c + 16 = 0. What is the greatest common factor of z and 52?
13
Let w = -96 - -52. Let d = -31 - w. What is the highest common factor of 91 and d?
13
Let q be (-1 - 1)*(-25)/2. Let b(o) = -2*o**2 - 6*o + 13. Let a be b(-4). What is the highest common factor of a and q?
5
Suppose -b = 3*b - 12. Suppose -4*t + 15 = t. Let z(j) = j**3 - j**2 + 3*j. Let i be z(t). Calculate the greatest common factor of i and b.
3
Let j(s) = -s**2 + 8*s + 2. Let p be j(4). Calculate the highest common divisor of p and 180.
18
Suppose 3*x = -0*x + 51. What is the greatest common factor of 34 and x?
17
Let h = 54 - -12. What is the highest common factor of 6 and h?
6
Let i be ((-17)/(-4))/((-4)/(-32)). What is the greatest common factor of 85 and i?
17
Let z = 1 - 2. Let g = z + -4. Let y = 7 + g. Calculate the greatest common factor of y and 2.
2
Suppose -3*o = -95 - 1. What is the highest common factor of o and 8?
8
Suppose -t - 12 = -3*f, 0 = f - 4*f - 3*t + 12. Suppose c = 3*c. Let x be 3/((-6)/(-32)) + c. Calculate the greatest common factor of x and f.
4
Suppose 2*g + 56 = -52. Let h be (2 - 1)/(-1) - 8. Let p be g/(-2)*(-33)/h. Calculate the highest common factor of 9 and p.
9
Let v = -146 + 179. Calculate the greatest common factor of v and 165.
33
Let y be (-17232)/(-56) - (-4)/14. Suppose -2*o - 2*o + 3*a + y = 0, -3*a = 5*o - 412. What is the greatest common fact